
List the prime factors of 527956.
2, 11, 13, 71
What are the prime factors of 815923?
815923
What are the prime factors of 7743833?
7743833
What are the prime factors of 460235?
5, 83, 1109
List the prime factors of 6383296.
2, 17, 5867
List the prime factors of 780062.
2, 17, 22943
What are the prime factors of 14335763?
13, 84827
List the prime factors of 2048492.
2, 71, 7213
What are the prime factors of 40082?
2, 7, 409
What are the prime factors of 605419?
53, 11423
List the prime factors of 22928620.
2, 5, 11, 13, 8017
List the prime factors of 875770.
2, 5, 7, 12511
List the prime factors of 102457.
29, 3533
What are the prime factors of 206201?
37, 5573
List the prime factors of 19076399.
19, 227, 4423
List the prime factors of 29571375.
3, 5, 78857
List the prime factors of 4068385.
5, 813677
List the prime factors of 4906615.
5, 7, 2861
List the prime factors of 7517216.
2, 7, 37, 907
What are the prime factors of 48988?
2, 37, 331
What are the prime factors of 15502466?
2, 7, 1107319
What are the prime factors of 523151?
349, 1499
What are the prime factors of 158816?
2, 7, 709
List the prime factors of 153044.
2, 38261
List the prime factors of 2777279.
563, 4933
List the prime factors of 322758.
2, 3, 43, 139
What are the prime factors of 7915855?
5, 1583171
List the prime factors of 11341583.
11, 1031053
What are the prime factors of 21705062?
2, 127, 85453
List the prime factors of 911089.
911089
What are the prime factors of 182868?
2, 3, 7, 311
What are the prime factors of 1036471?
1036471
What are the prime factors of 1266430?
2, 5, 11, 29, 397
What are the prime factors of 149603?
149603
What are the prime factors of 111988?
2, 27997
List the prime factors of 1104531.
3, 557, 661
List the prime factors of 2437634.
2, 37, 32941
What are the prime factors of 192449?
223, 863
What are the prime factors of 68441?
89, 769
List the prime factors of 149130.
2, 3, 5, 1657
What are the prime factors of 459694?
2, 229847
List the prime factors of 1353642.
2, 3, 17, 23, 577
What are the prime factors of 6863699?
17, 257, 1571
What are the prime factors of 117232?
2, 17, 431
What are the prime factors of 7542408?
2, 3, 314267
What are the prime factors of 8014?
2, 4007
What are the prime factors of 522999?
3, 58111
List the prime factors of 3216979.
3216979
What are the prime factors of 5215627?
1109, 4703
What are the prime factors of 3381172?
2, 59, 14327
List the prime factors of 3289393.
3289393
What are the prime factors of 201657?
3, 67219
What are the prime factors of 6699439?
6699439
What are the prime factors of 343686?
2, 3, 7, 167
What are the prime factors of 767228?
2, 7, 11, 47, 53
What are the prime factors of 441075?
3, 5, 5881
What are the prime factors of 896543?
896543
What are the prime factors of 304420?
2, 5, 31, 491
What are the prime factors of 2207070?
2, 3, 5, 137, 179
What are the prime factors of 714703?
11, 43, 1511
What are the prime factors of 5307272?
2, 663409
What are the prime factors of 2350?
2, 5, 47
What are the prime factors of 3311355?
3, 5, 220757
List the prime factors of 30814142.
2, 71, 217001
List the prime factors of 923772.
2, 3, 23, 3347
List the prime factors of 11427224.
2, 53, 26951
What are the prime factors of 7280726?
2, 17, 197, 1087
List the prime factors of 1659307.
13, 109, 1171
What are the prime factors of 4859367?
3, 521, 3109
What are the prime factors of 544419?
3, 241, 251
What are the prime factors of 812616?
2, 3, 7, 691
What are the prime factors of 735389?
735389
List the prime factors of 7170516.
2, 3, 199181
What are the prime factors of 167735?
5, 33547
List the prime factors of 5855447.
13, 103, 4373
List the prime factors of 1116878.
2, 7, 79777
What are the prime factors of 4016626?
2, 2008313
List the prime factors of 20587.
7, 17, 173
List the prime factors of 314936.
2, 39367
What are the prime factors of 5280933?
3, 7, 251473
List the prime factors of 957283.
23, 41621
What are the prime factors of 16419667?
11, 19, 251, 313
List the prime factors of 22644907.
101, 139, 1613
List the prime factors of 2555946.
2, 3, 149, 953
What are the prime factors of 34424698?
2, 7, 11, 23, 9719
What are the prime factors of 13938504?
2, 3, 17, 127, 269
What are the prime factors of 683382?
2, 3, 7, 53, 307
What are the prime factors of 860426?
2, 7, 41, 1499
List the prime factors of 359777.
11, 32707
What are the prime factors of 8448217?
19, 73, 6091
What are the prime factors of 1045544?
2, 130693
List the prime factors of 6501625.
5, 13, 4001
List the prime factors of 349658.
2, 174829
List the prime factors of 852677.
7, 41, 2971
List the prime factors of 65892.
2, 3, 17, 19
List the prime factors of 3961283.
3961283
What are the prime factors of 704113?
151, 4663
List the prime factors of 900945.
3, 5, 20021
List the prime factors of 94760.
2, 5, 23, 103
List the prime factors of 3214724.
2, 19, 42299
What are the prime factors of 1531766?
2, 101, 7583
List the prime factors of 12068159.
12068159
List the prime factors of 10302564.
2, 3, 53, 97, 167
What are the prime factors of 31302250?
2, 5, 7, 31, 577
What are the prime factors of 1797201?
3, 7, 37, 257
List the prime factors of 531879.
3, 17, 10429
List the prime factors of 93869.
37, 43, 59
List the prime factors of 5632686.
2, 3, 104309
List the prime factors of 2225025.
3, 5, 11, 29, 31
List the prime factors of 236714.
2, 71, 1667
What are the prime factors of 378072?
2, 3, 59, 89
List the prime factors of 688917.
3, 229639
List the prime factors of 8062011.
3, 11059
List the prime factors of 14314386.
2, 3, 257, 9283
What are the prime factors of 6161063?
6161063
List the prime factors of 1041952.
2, 32561
What are the prime factors of 187273?
187273
List the prime factors of 3937372.
2, 31, 113, 281
What are the prime factors of 14499388?
2, 3624847
List the prime factors of 797851.
797851
List the prime factors of 12510372.
2, 3, 7, 148933
What are the prime factors of 16072434?
2, 3, 7, 199, 641
What are the prime factors of 4378170?
2, 3, 5, 19, 7681
What are the prime factors of 5603167?
719, 7793
What are the prime factors of 2707908?
2, 3, 7, 32237
List the prime factors of 3837713.
11, 348883
What are the prime factors of 5203909?
5203909
What are the prime factors of 8111390?
2, 5, 7, 115877
List the prime factors of 1370776.
2, 11, 37, 421
List the prime factors of 14303859.
3, 4767953
What are the prime factors of 6080045?
5, 1216009
List the prime factors of 1308324.
2, 3, 31, 3517
What are the prime factors of 10020169?
10020169
What are the prime factors of 25300?
2, 5, 11, 23
List the prime factors of 444720.
2, 3, 5, 17, 109
List the prime factors of 197561.
7, 13, 167
List the prime factors of 2401740.
2, 3, 5, 11, 1213
List the prime factors of 8807822.
2, 29, 181, 839
What are the prime factors of 35353?
35353
What are the prime factors of 24510329?
293, 83653
List the prime factors of 21518215.
5, 4303643
What are the prime factors of 518139?
3, 57571
What are the prime factors of 32280?
2, 3, 5, 269
List the prime factors of 580222.
2, 19, 15269
List the prime factors of 147893.
71, 2083
What are the prime factors of 473751?
3, 52639
List the prime factors of 9738831.
3, 3246277
List the prime factors of 802286.
2, 23, 107, 163
List the prime factors of 1138289.
31, 73, 503
What are the prime factors of 1158025?
5, 11, 4211
What are the prime factors of 187769?
103, 1823
List the prime factors of 483658.
2, 7, 179, 193
List the prime factors of 406816.
2, 12713
What are the prime factors of 16555900?
2, 5, 165559
What are the prime factors of 67455?
3, 5, 1499
What are the prime factors of 10267336?
2, 1283417
What are the prime factors of 17547705?
3, 5, 7, 31, 599
List the prime factors of 933512.
2, 116689
What are the prime factors of 7878728?
2, 11, 13, 71, 97
List the prime factors of 2531606.
2, 7, 11, 17, 967
What are the prime factors of 50766?
2, 3, 8461
List the prime factors of 31102.
2, 15551
What are the prime factors of 2141806?
2, 23, 101, 461
List the prime factors of 77076.
2, 3, 2141
What are the prime factors of 161777?
7, 11, 191
List the prime factors of 5276085.
3, 5, 23, 41, 373
List the prime factors of 33358079.
33358079
What are the prime factors of 583